 the prime factors of 6*a*4/(-16)*-46?
3, 23
Let w = 1430 + -266. What are the prime factors of w?
2, 3, 97
Suppose -19563 = -28*n + 64773. List the prime factors of n.
2, 3, 251
Suppose 0 = -5*w + 37 + 38. Let a = w + -14. Let v = 3 + a. What are the prime factors of v?
2
Let s be 6/36 + (-111)/18. List the prime factors of (-20)/(-16)*s*-4.
2, 3, 5
Suppose 13*l = 16*l + 12. Let y = 128 + l. List the prime factors of y.
2, 31
Suppose -5*s - 6 = -8*s. Suppose 2*k - 2*d = 150, s*k + 3*k + d = 393. What are the prime factors of k?
2, 3, 13
Suppose 11*f - 189 = 2*f. Let y = 26 + f. List the prime factors of y.
47
Let n(j) = -j**3 - 29*j**2 - 38*j - 2. What are the prime factors of n(-28)?
2, 139
Suppose -7841 = -4*t + 9419. List the prime factors of (-4)/((-100)/t) + 4/10.
173
Let y(z) be the third derivative of z**6/120 + 7*z**5/60 - z**4/4 - 7*z**3/3 + 6*z**2. List the prime factors of y(-6).
2, 29
Suppose -100 = -14*m + 3176. List the prime factors of m.
2, 3, 13
Let v(o) = 6*o + 34. Let z be 6/(-33) - (-1740)/132. List the prime factors of v(z).
2, 7
List the prime factors of (134/8)/((-6 - -1)/(-120)).
2, 3, 67
Let s = -143 - -435. Suppose 2*r + 2*q - s = 0, 2*q + 605 = 4*r - q. What are the prime factors of r?
149
Let g(n) = 2*n**2 + 16*n - 6*n - 4 + 8*n - 43. List the prime factors of g(-16).
3, 59
Suppose 0*z - 4*s = 4*z - 16, 2*s - 8 = -5*z. Suppose -3*t - 15 = 0, z = -2*y - 0*t + 3*t + 101. Suppose 3*m - y - 113 = 0. What are the prime factors of m?
2, 13
Suppose 0*l + 18 = 6*l. Suppose -15 = -5*m, 4*r + 111 = 6*r + l*m. List the prime factors of r.
3, 17
Suppose 17 - 2 = 5*o. Suppose -4*l - o*s = -18, -4*l - s + 18 = 4. Suppose 0 = l*h - 21 + 6. List the prime factors of h.
5
Let n = 968 - 567. What are the prime factors of n?
401
Let b = 142 - 17. What are the prime factors of b?
5
Let v(q) = q**3 - 7*q**2 + 5*q + 11. List the prime factors of v(8).
5, 23
Let h(w) = w**2 - 11. Let b be h(-4). Suppose b*c - 6*c = -11. What are the prime factors of c?
11
Suppose -6*q = 5*q + 5*q. Suppose v - 6*v + 410 = q. List the prime factors of v.
2, 41
Suppose 0 = 2*x + 3*j - 4, -3*j = 9*x - 5*x - 14. Suppose 8 = -2*k, x*k + 113 = z - 33. List the prime factors of z.
2, 3, 7
Suppose 211*y - 202*y = 2016. List the prime factors of y.
2, 7
Let w be ((-14)/4)/(9/(-864)). Suppose -3*n = 2*d - 233, 4*d - n = 165 + w. List the prime factors of d.
2, 31
Let h be (18/(-15))/((-3)/10). Let s = h + 41. List the prime factors of s.
3, 5
Let h(k) = -k**2 - 15*k + 1. Let s = 37 - 49. What are the prime factors of h(s)?
37
Suppose -2*m + 5*x = -4595, -7*m - 3*x + 11048 + 5014 = 0. List the prime factors of m.
3, 5, 17
Let i(g) = 2*g**2 + 15*g + 9. What are the prime factors of i(4)?
101
Let x(p) = 67*p**3 - 2*p**2 - 4*p + 12. List the prime factors of x(2).
2, 7, 19
Let h be (12/2)/(-43 - -41). Let t = -21 - -12. What are the prime factors of ((-161)/(-21))/(h/t)?
23
Suppose 65*z + 755 = 2*k + 68*z, 5*k = -2*z + 1915. List the prime factors of k.
5, 7, 11
What are the prime factors of (38/(-6) - -3)*3*-50?
2, 5
Let o(h) = h**2 - h. Let c(a) = 5*a**2 - 7*a + 6. Let v(r) = c(r) - 4*o(r). What are the prime factors of v(9)?
2, 3, 5
Suppose -5*a = 5*w - 20, -w - 3*w = 3*a - 15. Suppose -u + 5*u + w*p = 31, -4*u - 9 = -5*p. What are the prime factors of -8*(1 + 1 - u)?
2
Suppose d + d - 4*w = 322, -2*d - 3*w + 329 = 0. Let h = 304 - d. List the prime factors of h.
3, 47
Suppose 503 = -6*w - 169. What are the prime factors of (-1)/(-8) - 3010/w?
3
Suppose -16*y + 18*y - 282 = 0. Let t = -76 + y. List the prime factors of t.
5, 13
Suppose 0*b + 3*b - 177 = -3*y, 0 = -5*b - 4*y + 295. Suppose 6*u = -b + 239. What are the prime factors of u?
2, 3, 5
Let z be 80058/88 - 1/(-4). Suppose -6*f + 2770 - z = 0. What are the prime factors of f?
2, 5, 31
Let k = 101 + -45. Suppose -4 = -5*v + 6. Suppose -3*d + k = d - v*z, -4*d = -5*z - 62. List the prime factors of d.
13
Let w be 11/((-22)/(-56) - 21/84). Suppose 73*k - w*k + 392 = 0. What are the prime factors of k?
2, 7
Let x(j) = 2*j + 3*j + 6*j + 4 + 5 - j**2. Let i be x(12). Let d = 1 - i. List the prime factors of d.
2
Let s(p) = 3*p + 36. Let t be s(-12). Suppose t = w + 80 - 344. List the prime factors of w.
2, 3, 11
Suppose -1860*w + 5556 = -1857*w. List the prime factors of w.
2, 463
Let g(d) = d**3 - 4*d**2 - 6*d + 7. Let w be g(5). Let j(h) = -h**3 + 7 + 10*h**2 - 8*h - 2*h - w*h. What are the prime factors of j(8)?
3, 13
Suppose -684 + 27 = -9*i. List the prime factors of 4/(-24)*-6 - i*-2.
3, 7
Let t be 787/2*(2 - 0). Suppose t - 117 = 5*o. Let q = o - 96. List the prime factors of q.
2, 19
Let s be (12/(-8))/((-1)/84). Suppose j - s = 17. List the prime factors of j.
11, 13
List the prime factors of 176/(-6)*((-1295)/28 + 11).
2, 11, 47
Let q = -8 - -13. Suppose q*f - 225 = -k, -k + 210 = 5*f + 3*k. List the prime factors of f.
2, 23
Suppose 4*a + 1040 = 2*x + 140, -5*x = -2*a - 2250. Suppose -x = -6*k + k. Suppose -5*w + 150 = -k. What are the prime factors of w?
2, 3
Suppose -53865 = 7*z - 26*z. What are the prime factors of z?
3, 5, 7
Let u(s) = 15*s - 2. Let g be u(-3). Suppose -17*x = -381 - 826. Let q = g + x. What are the prime factors of q?
2, 3
Let y be (-1)/2 - 1/(-2). Suppose -4*w = 3*j + 20, y*j - 5*j - w = 5. Let p = 29 - j. List the prime factors of p.
29
Suppose 5*a - 13611 = 2*a - 5*v, -4520 = -a + 4*v. What are the prime factors of a?
2, 11, 103
Suppose -5*c - 5*i = 2135, -15 = -8*i + 3*i. Let u = c - -644. What are the prime factors of u?
2, 107
Suppose 0 = -4*c + 5*g + 513, 376 = 3*c - 4*g + 2*g. What are the prime factors of c?
2, 61
List the prime factors of (-171)/6*(-112)/21.
2, 19
Suppose 33*l - 35*l - 2*x = -1122, -2798 = -5*l + 2*x. List the prime factors of l.
2, 5, 7
Let p = 106 + -70. Suppose -2*j + 334 = -5*x, x - p = -3*j + 448. List the prime factors of j.
2, 3
Suppose 5 + 7 = 4*j. Let h be 290/25 - j/5. Let r = 13 + h. List the prime factors of r.
2, 3
Let a(v) be the third derivative of -v**5/40 - v**4/12 + 2*v**3/3 - 5*v**2. Let k(t) be the first derivative of a(t). List the prime factors of k(-5).
13
Suppose v = -3 + 278. What are the prime factors of v?
5, 11
Suppose 0 = 3*y - 13 - 101. Let d = y - 36. What are the prime factors of d?
2
Suppose 80 = 3*y + 20. Suppose 0 = 5*q - 2*z - y, 5*q - q - 16 = -2*z. List the prime factors of q.
2
Suppose 2 - 1 = i, 33 = -5*y + 3*i. Let n = y - -33. What are the prime factors of n?
3
What are the prime factors of 42015/(-15)*(-2 + 1)?
2801
Let r(y) = 4*y - 30. Let n be r(8). Suppose z - n*j = 32 + 32, -4*j = -4*z + 272. List the prime factors of z.
2, 3
Suppose -6*o = -8*o - 8. What are the prime factors of 0 + o + 51 - -2?
7
Let l(f) = f - 19 + 6*f**2 + 0*f - f**3 + 3 + 5*f**2. Let b be l(11). What are the prime factors of (b/(-10))/((-3)/(-102))?
17
Let f(h) be the first derivative of 5/3*h**3 - 3/2*h**2 + 1/4*h**4 - 4 - 6*h. What are the prime factors of f(-4)?
2, 11
Let b(v) = 14*v**2 - 2*v. Let p be b(-2). Suppose w - 100 = -5*m + 3*w, -3*m + 5*w = -p. List the prime factors of m.
2, 5
Let y(r) be the first derivative of -12*r**2 - 12*r - 23. What are the prime factors of y(-3)?
2, 3, 5
Suppose 3*v - 4*d - 32 = 0, 2*d = 5*v - 2*d - 40. Suppose v*j = 6*j - 14. What are the prime factors of j?
7
Let l be (-3 + -1)*9/12. Let v = -12 + l. Let w = 12 - v. What are the prime factors of w?
3
Let f(o) = 6*o**2 + 2*o - 11. Let q(k) = -k**3 - 7*k**2 - k + 12. Let j(d) = -5*f(d) - 4*q(d). What are the prime factors of j(3)?
79
Let f(r) = r**3 + 5*r**2 - 5*r + 3. Let i be f(-6). Suppose 4*k + 11*k = -3990. What are the prime factors of (k/(-21))/((-2)/i)?
19
Suppose 0 = 2*z - 4, -3*z - 2*z = -2*v - 8. Suppose v - 7 = 3*t. List the prime factors of 520/14 - t/(-14).
37
Let c(f) = 32*f - 11. List the prime factors of c(8).
5, 7
Suppose 4*m - 4*h + 8 = 0, -3*m - 2*h = 1 + 10. Let k be ((-8)/(-10))/((-2)/50). Let u = m - k. List the prime factors of u.
17
Let x be (-1 + 3)*5/2. Let t = x + 34. What are the prime factors of t?
3, 13
Let a(j) be the third derivative of -j**7/420 - j**6/360 + j**5/30 - 4*j**2. Let l(x) be the third derivative of a(x). What are the prime factors of l(-3)?
2, 17
List the prime factors of (7364/70)/((-1)/(-5)).
2, 2